culate the greatest common divisor of 23 and 1.
1
Calculate the highest common factor of 126 and 162.
18
What is the greatest common divisor of 32 and 56?
8
What is the greatest common divisor of 245 and 1155?
35
Calculate the greatest common divisor of 530 and 250.
10
Calculate the highest common divisor of 1710 and 990.
90
Calculate the highest common factor of 954 and 4.
2
Calculate the highest common divisor of 77 and 28.
7
Calculate the greatest common factor of 11490 and 30.
30
What is the highest common factor of 78534 and 18?
18
What is the highest common divisor of 9 and 2367?
9
What is the greatest common divisor of 20 and 15970?
10
What is the highest common factor of 113 and 5424?
113
Calculate the greatest common divisor of 160 and 144.
16
What is the greatest common divisor of 28 and 10724?
28
What is the highest common factor of 65 and 4329?
13
What is the highest common divisor of 1185 and 15?
15
Calculate the highest common factor of 96 and 54.
6
What is the highest common divisor of 124 and 4?
4
Calculate the greatest common factor of 40 and 520.
40
Calculate the greatest common divisor of 1480 and 240.
40
What is the greatest common divisor of 276 and 23?
23
What is the greatest common divisor of 44 and 1408?
44
What is the greatest common factor of 1634 and 5246?
86
What is the greatest common factor of 45 and 3645?
45
What is the greatest common divisor of 64 and 20?
4
Calculate the greatest common divisor of 1397 and 11.
11
Calculate the highest common factor of 444 and 24.
12
What is the highest common factor of 202 and 88?
2
What is the highest common divisor of 72 and 4329?
9
Calculate the highest common factor of 62 and 18.
2
Calculate the highest common factor of 27 and 12.
3
What is the greatest common factor of 3302 and 13?
13
What is the highest common factor of 4 and 284?
4
Calculate the highest common factor of 67 and 737.
67
Calculate the highest common divisor of 1536 and 12.
12
What is the greatest common divisor of 260 and 1690?
130
Calculate the highest common divisor of 377 and 87.
29
Calculate the highest common divisor of 38 and 133.
19
Calculate the highest common factor of 348 and 876.
12
Calculate the greatest common factor of 152 and 21546.
38
Calculate the greatest common factor of 1224 and 459.
153
What is the highest common divisor of 72 and 198?
18
What is the highest common factor of 4 and 484?
4
Calculate the greatest common factor of 210 and 294.
42
What is the greatest common divisor of 936 and 39?
39
What is the greatest common divisor of 30 and 195?
15
What is the greatest common factor of 162 and 540?
54
Calculate the greatest common factor of 14 and 217.
7
Calculate the greatest common divisor of 39 and 13.
13
What is the greatest common divisor of 374 and 11?
11
Calculate the highest common divisor of 16264 and 152.
152
What is the greatest common factor of 588 and 224?
28
What is the greatest common factor of 108 and 720?
36
Calculate the greatest common factor of 1396 and 4.
4
Calculate the highest common factor of 171 and 3667.
19
What is the highest common factor of 10 and 230?
10
Calculate the highest common factor of 1121 and 19.
19
Calculate the highest common factor of 49 and 4.
1
What is the highest common divisor of 62 and 16120?
62
Calculate the greatest common factor of 11 and 187.
11
Calculate the greatest common factor of 30 and 30.
30
Calculate the greatest common divisor of 40 and 580.
20
What is the highest common factor of 22 and 22649?
11
What is the highest common divisor of 690 and 105?
15
What is the highest common factor of 286 and 3014?
22
Calculate the greatest common divisor of 536 and 1273.
67
Calculate the highest common factor of 1143 and 27.
9
What is the highest common factor of 4466 and 91?
7
Calculate the highest common divisor of 272 and 17.
17
What is the highest common factor of 1386 and 126?
126
Calculate the highest common divisor of 1025 and 369.
41
Calculate the greatest common divisor of 108 and 1164.
12
What is the highest common divisor of 81 and 39771?
81
What is the greatest common factor of 111 and 555?
111
Calculate the greatest common factor of 75 and 175.
25
What is the greatest common divisor of 74 and 407?
37
What is the greatest common divisor of 152 and 95?
19
What is the highest common factor of 252 and 72?
36
Calculate the greatest common divisor of 48 and 84.
12
Calculate the greatest common divisor of 189 and 27.
27
Calculate the greatest common divisor of 3255 and 210.
105
What is the highest common divisor of 2570 and 10?
10
What is the greatest common divisor of 152 and 266?
38
What is the highest common factor of 84 and 22092?
84
Calculate the greatest common divisor of 5 and 14.
1
Calculate the highest common divisor of 1064 and 280.
56
Calculate the greatest common factor of 56 and 4004.
28
Calculate the highest common factor of 18 and 40.
2
What is the highest common factor of 536 and 67?
67
What is the greatest common factor of 8 and 12?
4
What is the greatest common divisor of 41 and 41?
41
What is the highest common factor of 76 and 10279?
19
What is the greatest common factor of 2556 and 3692?
284
What is the highest common divisor of 284 and 36?
4
Calculate the greatest common factor of 42 and 1022.
14
What is the highest common factor of 49 and 91?
7
What is the highest common divisor of 3538 and 122?
122
Calculate the greatest common factor of 2856 and 119.
119
What is the highest common factor of 825 and 660?
165
Calculate the greatest common divisor of 100 and 490.
10
What is the greatest common factor of 1937 and 13?
13
What is the greatest common factor of 434 and 322?
14
What is the greatest common factor of 1862 and 836?
38
Calculate the greatest common factor of 33 and 4323.
33
Calculate the greatest common divisor of 36 and 984.
12
What is the highest common factor of 176 and 22?
22
Calculate the greatest common factor of 4459 and 52.
13
Calculate the greatest common factor of 237 and 316.
79
What is the highest common factor of 1696 and 53?
53
Calculate the greatest common divisor of 13 and 13403.
13
What is the highest common divisor of 14042 and 68?
34
Calculate the highest common divisor of 18 and 198.
18
What is the highest common divisor of 2123 and 33?
11
Calculate the highest common factor of 675 and 27.
27
Calculate the greatest common divisor of 3939 and 195.
39
Calculate the greatest common factor of 4672 and 73.
73
Calculate the highest common factor of 102 and 6.
6
Calculate the highest common divisor of 60 and 60.
60
Calculate the greatest common factor of 20 and 16.
4
Calculate the highest common divisor of 16 and 752.
16
What is the greatest common factor of 475 and 399?
19
Calculate the greatest common factor of 200 and 50.
50
Calculate the greatest common divisor of 10584 and 108.
108
What is the greatest common divisor of 348 and 12?
12
Calculate the highest common divisor of 36 and 324.
36
Calculate the highest common divisor of 236 and 59.
59
What is the greatest common divisor of 1912 and 8?
8
What is the greatest common factor of 99 and 1551?
33
What is the highest common factor of 1755 and 180?
45
Calculate the greatest common factor of 242 and 88.
22
What is the greatest common factor of 12 and 34?
2
What is the greatest common divisor of 292 and 3139?
73
Calculate the highest common factor of 221 and 2431.
221
Calculate the greatest common factor of 15662 and 41.
41
Calculate the highest common factor of 740 and 10.
10
What is the highest common divisor of 156 and 12?
12
Calculate the highest common divisor of 1802 and 238.
34
Calculate the greatest common divisor of 209 and 171.
19
What is the highest common divisor of 612 and 144?
36
What is the greatest common divisor of 1364 and 484?
44
What is the greatest common divisor of 20048 and 336?
112
What is the greatest common factor of 152 and 171?
19
Calculate the highest common factor of 170 and 25.
5
What is the highest common divisor of 427 and 122?
61
Calculate the greatest common divisor of 658 and 752.
94
What is the greatest common divisor of 290 and 638?
58
Calculate the greatest common factor of 224 and 42.
14
Calculate the greatest common factor of 192 and 704.
64
Calculate the greatest common divisor of 165 and 15.
15
